20781880657 composite?
True
Is 5376343829 prime?
False
Is 1838684821 a prime number?
True
Is 231917371013 a composite number?
True
Is 12599768429 prime?
True
Is 112942287079 composite?
True
Is 8201337967 prime?
True
Is 14746949669 prime?
True
Is 1307220023 a prime number?
True
Is 726714433 prime?
True
Is 29990867 a prime number?
True
Is 138308227 a composite number?
False
Is 459253753 a composite number?
True
Is 23406204781 prime?
True
Is 23465698693 prime?
False
Is 21170635801 a prime number?
False
Is 1266725279 a prime number?
True
Is 904075541 prime?
False
Is 124846781 prime?
False
Is 1556226871 a composite number?
False
Is 215292683 prime?
True
Is 17406769 a prime number?
True
Is 32134777163 prime?
True
Is 750378773 prime?
True
Is 22225835113 composite?
True
Is 2859867253 a prime number?
False
Is 16883274113 prime?
False
Is 649696009 a composite number?
True
Is 3916771393 a composite number?
False
Is 61811535683 a prime number?
True
Is 9805562989 prime?
False
Is 36701631559 a composite number?
True
Is 1265260729 composite?
False
Is 2903199347 prime?
True
Is 1179772631 prime?
False
Is 8400552203 prime?
False
Is 140236763 prime?
True
Is 12127488871 a composite number?
True
Is 29579562907 a composite number?
True
Is 37177753423 a prime number?
True
Is 2167194382 prime?
False
Is 153050473 a prime number?
False
Is 8871691505 a prime number?
False
Is 40869403 composite?
False
Is 2665535773 a prime number?
True
Is 2176434341 prime?
False
Is 22512168157 prime?
False
Is 24796795813 a composite number?
True
Is 2193791 prime?
True
Is 120672403 composite?
True
Is 1039421303 a prime number?
False
Is 636692669 composite?
False
Is 157007679523 a composite number?
False
Is 33179193491 a composite number?
True
Is 20961281013 composite?
True
Is 369238931 a composite number?
True
Is 35764488167 prime?
True
Is 887549087 a composite number?
False
Is 17398331231 composite?
True
Is 6220996979 a composite number?
False
Is 1444724045 a prime number?
False
Is 4114742917 composite?
True
Is 14558116091 a composite number?
False
Is 9845813027 composite?
True
Is 582068569 a composite number?
False
Is 54407314103 a prime number?
False
Is 160105110149 prime?
True
Is 29481958301 a composite number?
False
Is 29307394733 composite?
False
Is 57099084227 a composite number?
False
Is 516241119 composite?
True
Is 4193186191 a composite number?
False
Is 9470014199 a composite number?
True
Is 36401950591 prime?
False
Is 15262074533 composite?
False
Is 6384880321 a prime number?
False
Is 1165712062 composite?
True
Is 171262271 a prime number?
True
Is 23643783169 a composite number?
True
Is 15790469161 a composite number?
False
Is 1176069571 a prime number?
False
Is 20606565251 composite?
True
Is 65123323261 a prime number?
True
Is 11406467 a composite number?
False
Is 9362100229 a prime number?
False
Is 19338293797 prime?
True
Is 362271809 a composite number?
False
Is 1050945893 a composite number?
False
Is 159197154911 prime?
False
Is 10482569593 a composite number?
True
Is 110180207 prime?
True
Is 647772247 a composite number?
True
Is 282702713 prime?
True
Is 969906521 a prime number?
True
Is 4591147531 prime?
False
Is 1342291011 a prime number?
False
Is 5799536581 prime?
True
Is 79406953 composite?
False
Is 410691551 a composite number?
False
Is 22629839447 prime?
False
Is 14636577013 a composite number?
True
Is 164113544033 a prime number?
False
Is 1503194143 a prime number?
False
Is 24688321018 prime?
False
Is 12964667579 a composite number?
False
Is 185721187 prime?
True
Is 22190239873 a prime number?
False
Is 17583739717 prime?
False
Is 3975614347 a prime number?
False
Is 9381727 prime?
False
Is 396130079 a composite number?
False
Is 52254055349 a composite number?
False
Is 375603299 composite?
True
Is 5774982103 composite?
True
Is 77355963049 composite?
False
Is 5905640821 prime?
False
Is 69779579 composite?
False
Is 101196153523 a composite number?
True
Is 8088629827 prime?
True
Is 8432884987 prime?
True
Is 5542905031 prime?
False
Is 500266009 a prime number?
True
Is 183154351 composite?
True
Is 61242771997 composite?
True
Is 12340974397 a prime number?
False
Is 11880217849 a prime number?
True
Is 33214884137 a composite number?
True
Is 419222591 prime?
True
Is 832189951 prime?
True
Is 3001119307 composite?
False
Is 4976614001 a composite number?
False
Is 2014796159 a prime number?
False
Is 15526980383 a composite number?
True
Is 4718878493 a composite number?
True
Is 1734318251 a composite number?
False
Is 2559851011 composite?
True
Is 4474807829 prime?
True
Is 22284350731 a prime number?
False
Is 14754123161 a prime number?
False
Is 2494489171 a composite number?
False
Is 3487185137 a composite number?
False
Is 1988660393 composite?
False
Is 94079374419 a composite number?
True
Is 7761801851 a prime number?
False
Is 30428360251 composite?
True
Is 976592399 prime?
False
Is 482254237579 a composite number?
True
Is 482650286 a prime number?
False
Is 1546185541 a composite number?
False
Is 2031360563 a prime number?
True
Is 9558876809 a composite number?
True
Is 18042037595 composite?
True
Is 5091417817 a prime number?
True
Is 2089796063 a prime number?
False
Is 903061363 prime?
False
Is 109059787 prime?
False
Is 2962296649 a prime number?
False
Is 78297731 a prime number?
True
Is 532724807 a prime number?
False
Is 18568436653 a composite number?
True
Is 73199156669 composite?
True
Is 15721117114 composite?
True
Is 1464107357 prime?
True
Is 3533776837 composite?
True
Is 3723137491 a prime number?
True
Is 2581954421 prime?
False
Is 1211083183 prime?
True
Is 4269305621 a prime number?
False
Is 2963805727 a composite number?
False
Is 12514045963 composite?
False
Is 972643241 a prime number?
True
Is 178052801 prime?
False
Is 2625281039 composite?
False
Is 1327808803 a prime number?
True
Is 512967703 composite?
False
Is 9962281787 a prime number?
True
Is 20462805709 a prime number?
False
Is 17411682661 prime?
False
Is 28838044229 a composite number?
True
Is 3359433829 composite?
False
Is 57623645617 prime?
False
Is 271717229 composite?
True
Is 5608388953 prime?
True
Is 18148855253 composite?
True
Is 59046967181 a prime number?
True
Is 3068703499 prime?
False
Is 40501228753 prime?
True
Is 5045577947 prime?
True
Is 397787111 composite?
True
Is 14733665321 prime?
False
Is 398599653 a prime number?
False
Is 1493608687 prime?
True
Is 1986439717 a composite number?
False
Is 15264414227 prime?
False
Is 22871361083 a composite number?
True
Is 343303237 a composite number?
True
Is 108174491 a composite number?
False
Is 1556506703 a prime number?
False
Is 7535886023 a composite number?
True
Is 364388941681 a composite number?
False
Is 3169018861 a composite number?
True
Is 117376605263 a prime number?
False
Is 35019956261 a composite number?
False
Is 18411925379 prime?
False
Is 89589967 composite?
True
Is 93052396807 prime?
True
Is 24317970779 composite?
True
Is 29207983579 a prime number?
True
Is 950415079 prime?
True
Is 134262897667 prime?
False
Is 22408483379 prime?
True
Is 966400559 a prime number?
True
Is 2447753807 prime?
True
Is 7287883793 a composite number?
False
Is 16956350207 composite?
False
Is 134627502971 prime?
False
Is 15138796339 composite?
True
Is 13731613807 a composite number?
True
Is 473066881 prime?
False
Is 4208911723 composite?
True
Is 3458650087 a prime number?
True
Is 3358831171 prime?
False
Is 26669181821 composite?
False
Is 323291039 prime?
True
Is 600373603 a composite number?
False
Is 4127095139 composite?
False
Is 5036134847 a prime number?
True
Is 601335899 a composite number?
False
Is 104674174469 a composite number?
False
Is 622909307 a prime number?
True
Is 505810339 prime?
False
Is 865566791 a composite number?
False
Is 15006693227 a prime number?
False
Is 2940788737 prime?
True
Is 328501367 composite?
True
Is 2737973269 composite?
True
Is 6211347641 composite?
False
Is 50161754353 prime?
True
Is 18342225071 a composite number?
False
Is 643570373 composite?
True
Is 10520309 composite?
False
Is 20916736103 a prime number?
False
Is 38044275023 composite?
False
Is 507866609 composite?
False
Is 158022203 a composite number?
True
Is 1204518005 prime?
False
Is 319723417 a prime number?
False
Is 4625960227 prime?
False
Is 7127851 composite?
True
Is 783453